Dec 02 03:17:20.083 INFO testing Softsapiens/rkafka-poc against master#8940af3cea4a9a9deabcaf843b2f8cad9a83fc61 for beta-1.31-5
Dec 02 03:17:20.084 INFO running `"docker" "create" "-v" "/mnt/big/crater/work/local/target-dirs/beta-1.31-5/worker-7/master#8940af3cea4a9a9deabcaf843b2f8cad9a83fc61:/target:rw,Z" "-v" "/mnt/big/crater/work/local/test-source/worker-7/beta-1.31-5/master#8940af3cea4a9a9deabcaf843b2f8cad9a83fc61:/source:ro,Z" "-v" "/mnt/big/crater/work/local/cargo-home:/cargo-home:ro,Z" "-v" "/mnt/big/crater/work/local/rustup-home:/rustup-home:ro,Z" "-e" "USER_ID=1000" "-e" "SOURCE_DIR=/source" "-e" "USER_ID=1000" "-e" "CMD=cargo +8940af3cea4a9a9deabcaf843b2f8cad9a83fc61-alt build --frozen" "-e" "CARGO_TARGET_DIR=/target" "-e" "CARGO_INCREMENTAL=0" "-e" "RUST_BACKTRACE=full" "-e" "RUSTFLAGS=--cap-lints=warn" "-e" "CARGO_HOME=/cargo-home" "-e" "RUSTUP_HOME=/rustup-home" "-m" "1536M" "--network" "none" "crater"`
Dec 02 03:17:20.652 INFO [stdout] 6efddc7989840aa0a8217586331bb3c4df971518c6ae0487abaadd351be413d5
Dec 02 03:17:20.654 INFO running `"docker" "start" "-a" "6efddc7989840aa0a8217586331bb3c4df971518c6ae0487abaadd351be413d5"`
Dec 02 03:17:21.629 INFO [stderr] usermod: no changes
Dec 02 03:17:21.830 INFO [stderr]    Compiling num_cpus v0.2.13
Dec 02 03:17:21.832 INFO [stderr]    Compiling tokio-io v0.1.10
Dec 02 03:17:21.833 INFO [stderr]    Compiling tokio-threadpool v0.1.8
Dec 02 03:17:21.834 INFO [stderr]    Compiling env_logger v0.3.5
Dec 02 03:17:22.289 INFO [stderr]    Compiling rdkafka-sys v0.11.4-0
Dec 02 03:17:24.130 INFO [stderr]    Compiling tokio-codec v0.1.1
Dec 02 03:17:24.131 INFO [stderr]    Compiling tokio-reactor v0.1.6
Dec 02 03:17:25.192 INFO [stderr]    Compiling tokio-fs v0.1.4
Dec 02 03:17:27.039 INFO [stderr]    Compiling tokio-tcp v0.1.2
Dec 02 03:17:27.039 INFO [stderr]    Compiling tokio-uds v0.2.3
Dec 02 03:17:27.078 INFO [stderr]    Compiling tokio-udp v0.1.2
Dec 02 03:17:28.276 INFO [stderr] error: failed to run custom build command for `rdkafka-sys v0.11.4-0`
Dec 02 03:17:28.276 INFO [stderr] process didn't exit successfully: `/target/debug/build/rdkafka-sys-89d4dfaa419c902c/build-script-build` (exit code: 101)
Dec 02 03:17:28.276 INFO [stderr] --- stdout
Dec 02 03:17:28.276 INFO [stderr] Configuring librdkafka
Dec 02 03:17:28.276 INFO [stderr] checking for OS or distribution... ok (Ubuntu)
Dec 02 03:17:28.276 INFO [stderr] checking for C compiler from CC env... failed
Dec 02 03:17:28.276 INFO [stderr] checking for gcc (by command)... ok
Dec 02 03:17:28.276 INFO [stderr] checking for C++ compiler from CXX env... failed
Dec 02 03:17:28.276 INFO [stderr] checking for C++ compiler (g++)... ok
Dec 02 03:17:28.276 INFO [stderr] checking executable ld... ok
Dec 02 03:17:28.276 INFO [stderr] checking executable nm... ok
Dec 02 03:17:28.276 INFO [stderr] checking executable objdump... ok
Dec 02 03:17:28.276 INFO [stderr] checking executable strip... ok
Dec 02 03:17:28.276 INFO [stderr] checking for pkgconfig (by command)... ok
Dec 02 03:17:28.276 INFO [stderr] checking for install (by command)... ok
Dec 02 03:17:28.276 INFO [stderr] checking for PIC (by compile)... failed (disable)
Dec 02 03:17:28.276 INFO [stderr] checking for GNU-compatible linker options... failed
Dec 02 03:17:28.276 INFO [stderr] checking for OSX linker options... failed
Dec 02 03:17:28.276 INFO [stderr] checking for GNU linker-script ld flag... failed
Dec 02 03:17:28.276 INFO [stderr] checking for Solaris linker-script ld flag... failed (ignore)
Dec 02 03:17:28.276 INFO [stderr] checking for __atomic_32 (by compile)... failed
Dec 02 03:17:28.276 INFO [stderr] checking for __atomic_32_lib (by compile)... failed
Dec 02 03:17:28.276 INFO [stderr] checking for __sync_32 (by compile)... failed (disable)
Dec 02 03:17:28.276 INFO [stderr] checking for __atomic_64 (by compile)... failed
Dec 02 03:17:28.276 INFO [stderr] checking for __atomic_64_lib (by compile)... failed
Dec 02 03:17:28.276 INFO [stderr] checking for __sync_64 (by compile)... failed (disable)
Dec 02 03:17:28.276 INFO [stderr] checking for socket (by compile)... failed
Dec 02 03:17:28.276 INFO [stderr] checking for socket_nsl (by compile)... failed (fail)
Dec 02 03:17:28.276 INFO [stderr] parsing version '0x000b04ff'... ok (0.11.4)
Dec 02 03:17:28.276 INFO [stderr] checking for librt (by pkg-config)... failed
Dec 02 03:17:28.276 INFO [stderr] checking for librt (by compile)... failed
Dec 02 03:17:28.276 INFO [stderr] checking for libpthread (by pkg-config)... failed
Dec 02 03:17:28.276 INFO [stderr] checking for libpthread (by compile)... failed (fail)
Dec 02 03:17:28.276 INFO [stderr] checking for libdl (by pkg-config)... failed
Dec 02 03:17:28.276 INFO [stderr] checking for libdl (by compile)... failed (disable)
Dec 02 03:17:28.276 INFO [stderr] checking for zlib (by pkg-config)... ok
Dec 02 03:17:28.276 INFO [stderr] checking for zlib (by compile)... ok (cached)
Dec 02 03:17:28.276 INFO [stderr] checking for libcrypto (by pkg-config)... ok
Dec 02 03:17:28.276 INFO [stderr] checking for libcrypto (by compile)... ok (cached)
Dec 02 03:17:28.276 INFO [stderr] checking for crc32chw (by compile)... failed (disable)
Dec 02 03:17:28.277 INFO [stderr] checking for regex (by compile)... failed (disable)
Dec 02 03:17:28.277 INFO [stderr] checking for strndup (by compile)... failed (disable)
Dec 02 03:17:28.277 INFO [stderr] checking for strerror_r (by compile)... failed (disable)
Dec 02 03:17:28.277 INFO [stderr] checking for pthread_setname_gnu (by compile)... failed (disable)
Dec 02 03:17:28.277 INFO [stderr] checking for nm (by env NM)... ok (cached)
Dec 02 03:17:28.277 INFO [stderr] 
Dec 02 03:17:28.277 INFO [stderr] 
Dec 02 03:17:28.277 INFO [stderr] 
Dec 02 03:17:28.277 INFO [stderr] 
Dec 02 03:17:28.277 INFO [stderr] --- stderr
Dec 02 03:17:28.277 INFO [stderr] Building and linking librdkafka statically
Dec 02 03:17:28.277 INFO [stderr] Running command: "./configure --disable-sasl --disable-ssl --disable-lz4 --enable-static" in dir: librdkafka
Dec 02 03:17:28.277 INFO [stderr] mklove/modules/configure.base: line 611: config.log: Read-only file system
Dec 02 03:17:28.277 INFO [stderr] mklove/modules/configure.base: line 611: config.log: Read-only file system
Dec 02 03:17:28.277 INFO [stderr] mklove/modules/configure.base: line 611: config.log: Read-only file system
Dec 02 03:17:28.277 INFO [stderr] mklove/modules/configure.base: line 611: config.log: Read-only file system
Dec 02 03:17:28.277 INFO [stderr] mklove/modules/configure.base: line 611: config.log: Read-only file system
Dec 02 03:17:28.277 INFO [stderr] mklove/modules/configure.base: line 611: config.log: Read-only file system
Dec 02 03:17:28.277 INFO [stderr] mklove/modules/configure.base: line 611: config.log: Read-only file system
Dec 02 03:17:28.277 INFO [stderr] mklove/modules/configure.base: line 611: config.log: Read-only file system
Dec 02 03:17:28.277 INFO [stderr] mklove/modules/configure.base: line 611: config.log: Read-only file system
Dec 02 03:17:28.277 INFO [stderr] mklove/modules/configure.base: line 611: config.log: Read-only file system
Dec 02 03:17:28.277 INFO [stderr] mklove/modules/configure.base: line 611: config.log: Read-only file system
Dec 02 03:17:28.277 INFO [stderr] mklove/modules/configure.base: line 611: config.log: Read-only file system
Dec 02 03:17:28.277 INFO [stderr] mklove/modules/configure.base: line 611: config.log: Read-only file system
Dec 02 03:17:28.277 INFO [stderr] ./configure: line 186: config.log: Read-only file system
Dec 02 03:17:28.277 INFO [stderr] ./configure: line 187: config.log: Read-only file system
Dec 02 03:17:28.277 INFO [stderr] mklove/modules/configure.base: line 611: config.log: Read-only file system
Dec 02 03:17:28.277 INFO [stderr] mklove/modules/configure.base: line 611: config.log: Read-only file system
Dec 02 03:17:28.277 INFO [stderr] mklove/modules/configure.base: line 611: config.log: Read-only file system
Dec 02 03:17:28.277 INFO [stderr] mklove/modules/configure.base: line 611: config.log: Read-only file system
Dec 02 03:17:28.277 INFO [stderr] mktemp: failed to create file via template '_mkltmpXXXXXX': Read-only file system
Dec 02 03:17:28.277 INFO [stderr] mv: cannot stat '': No such file or directory
Dec 02 03:17:28.277 INFO [stderr] mklove/modules/configure.base: line 953: .c: Read-only file system
Dec 02 03:17:28.277 INFO [stderr] mklove/modules/configure.base: line 956: .c: Read-only file system
Dec 02 03:17:28.277 INFO [stderr] mklove/modules/configure.base: line 611: config.log: Read-only file system
Dec 02 03:17:28.277 INFO [stderr] mklove/modules/configure.base: line 611: config.log: Read-only file system
Dec 02 03:17:28.277 INFO [stderr] mklove/modules/configure.base: line 611: config.log: Read-only file system
Dec 02 03:17:28.277 INFO [stderr] mktemp: failed to create file via template '_mkltmpXXXXXX': Read-only file system
Dec 02 03:17:28.277 INFO [stderr] mv: cannot stat '': No such file or directory
Dec 02 03:17:28.277 INFO [stderr] mklove/modules/configure.base: line 953: .c: Read-only file system
Dec 02 03:17:28.277 INFO [stderr] mklove/modules/configure.base: line 956: .c: Read-only file system
Dec 02 03:17:28.277 INFO [stderr] mklove/modules/configure.base: line 611: config.log: Read-only file system
Dec 02 03:17:28.277 INFO [stderr] mklove/modules/configure.base: line 611: config.log: Read-only file system
Dec 02 03:17:28.277 INFO [stderr] mklove/modules/configure.base: line 611: config.log: Read-only file system
Dec 02 03:17:28.277 INFO [stderr] mktemp: failed to create file via template '_mkltmpXXXXXX': Read-only file system
Dec 02 03:17:28.277 INFO [stderr] mv: cannot stat '': No such file or directory
Dec 02 03:17:28.277 INFO [stderr] mklove/modules/configure.base: line 953: .c: Read-only file system
Dec 02 03:17:28.277 INFO [stderr] mklove/modules/configure.base: line 956: .c: Read-only file system
Dec 02 03:17:28.277 INFO [stderr] mklove/modules/configure.base: line 611: config.log: Read-only file system
Dec 02 03:17:28.277 INFO [stderr] mklove/modules/configure.base: line 611: config.log: Read-only file system
Dec 02 03:17:28.277 INFO [stderr] mklove/modules/configure.base: line 611: config.log: Read-only file system
Dec 02 03:17:28.277 INFO [stderr] mktemp: failed to create file via template '_mkltmpXXXXXX': Read-only file system
Dec 02 03:17:28.277 INFO [stderr] mklove/modules/configure.base: line 693: $ldsfile: ambiguous redirect
Dec 02 03:17:28.277 INFO [stderr] mktemp: failed to create file via template '_mkltmpXXXXXX': Read-only file system
Dec 02 03:17:28.277 INFO [stderr] mv: cannot stat '': No such file or directory
Dec 02 03:17:28.277 INFO [stderr] mklove/modules/configure.base: line 953: .c: Read-only file system
Dec 02 03:17:28.277 INFO [stderr] mklove/modules/configure.base: line 956: .c: Read-only file system
Dec 02 03:17:28.277 INFO [stderr] mklove/modules/configure.base: line 611: config.log: Read-only file system
Dec 02 03:17:28.277 INFO [stderr] mklove/modules/configure.base: line 611: config.log: Read-only file system
Dec 02 03:17:28.277 INFO [stderr] mklove/modules/configure.base: line 611: config.log: Read-only file system
Dec 02 03:17:28.277 INFO [stderr] mktemp: failed to create file via template '_mkltmpXXXXXX': Read-only file system
Dec 02 03:17:28.277 INFO [stderr] mv: cannot stat '': No such file or directory
Dec 02 03:17:28.277 INFO [stderr] mklove/modules/configure.base: line 953: .c: Read-only file system
Dec 02 03:17:28.277 INFO [stderr] mklove/modules/configure.base: line 956: .c: Read-only file system
Dec 02 03:17:28.277 INFO [stderr] mklove/modules/configure.base: line 611: config.log: Read-only file system
Dec 02 03:17:28.277 INFO [stderr] mklove/modules/configure.base: line 611: config.log: Read-only file system
Dec 02 03:17:28.277 INFO [stderr] mklove/modules/configure.base: line 611: config.log: Read-only file system
Dec 02 03:17:28.277 INFO [stderr] mktemp: failed to create file via template '_mkltmpXXXXXX': Read-only file system
Dec 02 03:17:28.277 INFO [stderr] mv: cannot stat '': No such file or directory
Dec 02 03:17:28.277 INFO [stderr] mklove/modules/configure.base: line 953: .c: Read-only file system
Dec 02 03:17:28.277 INFO [stderr] mklove/modules/configure.base: line 956: .c: Read-only file system
Dec 02 03:17:28.277 INFO [stderr] mklove/modules/configure.base: line 611: config.log: Read-only file system
Dec 02 03:17:28.277 INFO [stderr] mklove/modules/configure.base: line 611: config.log: Read-only file system
Dec 02 03:17:28.277 INFO [stderr] mklove/modules/configure.base: line 611: config.log: Read-only file system
Dec 02 03:17:28.277 INFO [stderr] mktemp: failed to create file via template '_mkltmpXXXXXX': Read-only file system
Dec 02 03:17:28.277 INFO [stderr] mv: cannot stat '': No such file or directory
Dec 02 03:17:28.277 INFO [stderr] mklove/modules/configure.base: line 953: .c: Read-only file system
Dec 02 03:17:28.277 INFO [stderr] mklove/modules/configure.base: line 956: .c: Read-only file system
Dec 02 03:17:28.277 INFO [stderr] mklove/modules/configure.base: line 611: config.log: Read-only file system
Dec 02 03:17:28.277 INFO [stderr] mklove/modules/configure.base: line 611: config.log: Read-only file system
Dec 02 03:17:28.277 INFO [stderr] mklove/modules/configure.base: line 611: config.log: Read-only file system
Dec 02 03:17:28.277 INFO [stderr] mktemp: failed to create file via template '_mkltmpXXXXXX': Read-only file system
Dec 02 03:17:28.277 INFO [stderr] mv: cannot stat '': No such file or directory
Dec 02 03:17:28.278 INFO [stderr] mklove/modules/configure.base: line 953: .c: Read-only file system
Dec 02 03:17:28.278 INFO [stderr] mklove/modules/configure.base: line 956: .c: Read-only file system
Dec 02 03:17:28.278 INFO [stderr] mklove/modules/configure.base: line 611: config.log: Read-only file system
Dec 02 03:17:28.278 INFO [stderr] mklove/modules/configure.base: line 611: config.log: Read-only file system
Dec 02 03:17:28.278 INFO [stderr] mklove/modules/configure.base: line 611: config.log: Read-only file system
Dec 02 03:17:28.278 INFO [stderr] mktemp: failed to create file via template '_mkltmpXXXXXX': Read-only file system
Dec 02 03:17:28.278 INFO [stderr] mv: cannot stat '': No such file or directory
Dec 02 03:17:28.278 INFO [stderr] mklove/modules/configure.base: line 953: .c: Read-only file system
Dec 02 03:17:28.278 INFO [stderr] mklove/modules/configure.base: line 956: .c: Read-only file system
Dec 02 03:17:28.278 INFO [stderr] mklove/modules/configure.base: line 611: config.log: Read-only file system
Dec 02 03:17:28.278 INFO [stderr] mklove/modules/configure.base: line 611: config.log: Read-only file system
Dec 02 03:17:28.278 INFO [stderr] mklove/modules/configure.base: line 611: config.log: Read-only file system
Dec 02 03:17:28.278 INFO [stderr] mktemp: failed to create file via template '_mkltmpXXXXXX': Read-only file system
Dec 02 03:17:28.278 INFO [stderr] mv: cannot stat '': No such file or directory
Dec 02 03:17:28.278 INFO [stderr] mklove/modules/configure.base: line 953: .c: Read-only file system
Dec 02 03:17:28.278 INFO [stderr] mklove/modules/configure.base: line 956: .c: Read-only file system
Dec 02 03:17:28.278 INFO [stderr] mklove/modules/configure.base: line 611: config.log: Read-only file system
Dec 02 03:17:28.278 INFO [stderr] mklove/modules/configure.base: line 611: config.log: Read-only file system
Dec 02 03:17:28.278 INFO [stderr] mklove/modules/configure.base: line 611: config.log: Read-only file system
Dec 02 03:17:28.278 INFO [stderr] mktemp: failed to create file via template '_mkltmpXXXXXX': Read-only file system
Dec 02 03:17:28.278 INFO [stderr] mv: cannot stat '': No such file or directory
Dec 02 03:17:28.278 INFO [stderr] mklove/modules/configure.base: line 953: .c: Read-only file system
Dec 02 03:17:28.278 INFO [stderr] mklove/modules/configure.base: line 956: .c: Read-only file system
Dec 02 03:17:28.278 INFO [stderr] mklove/modules/configure.base: line 611: config.log: Read-only file system
Dec 02 03:17:28.278 INFO [stderr] mklove/modules/configure.base: line 611: config.log: Read-only file system
Dec 02 03:17:28.278 INFO [stderr] mklove/modules/configure.base: line 611: config.log: Read-only file system
Dec 02 03:17:28.278 INFO [stderr] mktemp: failed to create file via template '_mkltmpXXXXXX': Read-only file system
Dec 02 03:17:28.278 INFO [stderr] mv: cannot stat '': No such file or directory
Dec 02 03:17:28.278 INFO [stderr] mklove/modules/configure.base: line 953: .c: Read-only file system
Dec 02 03:17:28.278 INFO [stderr] mklove/modules/configure.base: line 956: .c: Read-only file system
Dec 02 03:17:28.278 INFO [stderr] mklove/modules/configure.base: line 611: config.log: Read-only file system
Dec 02 03:17:28.278 INFO [stderr] mklove/modules/configure.base: line 611: config.log: Read-only file system
Dec 02 03:17:28.278 INFO [stderr] mklove/modules/configure.base: line 611: config.log: Read-only file system
Dec 02 03:17:28.278 INFO [stderr] mktemp: failed to create file via template '_mkltmpXXXXXX': Read-only file system
Dec 02 03:17:28.278 INFO [stderr] mv: cannot stat '': No such file or directory
Dec 02 03:17:28.278 INFO [stderr] mklove/modules/configure.base: line 953: .c: Read-only file system
Dec 02 03:17:28.278 INFO [stderr] mklove/modules/configure.base: line 956: .c: Read-only file system
Dec 02 03:17:28.278 INFO [stderr] mklove/modules/configure.base: line 611: config.log: Read-only file system
Dec 02 03:17:28.278 INFO [stderr] mklove/modules/configure.base: line 611: config.log: Read-only file system
Dec 02 03:17:28.278 INFO [stderr] mklove/modules/configure.base: line 611: config.log: Read-only file system
Dec 02 03:17:28.278 INFO [stderr] mklove/modules/configure.base: line 611: config.log: Read-only file system
Dec 02 03:17:28.278 INFO [stderr] mklove/modules/configure.base: line 611: config.log: Read-only file system
Dec 02 03:17:28.278 INFO [stderr] mklove/modules/configure.base: line 611: config.log: Read-only file system
Dec 02 03:17:28.278 INFO [stderr] mktemp: failed to create file via template '_mkltmpXXXXXX': Read-only file system
Dec 02 03:17:28.278 INFO [stderr] mv: cannot stat '': No such file or directory
Dec 02 03:17:28.278 INFO [stderr] mklove/modules/configure.base: line 953: .c: Read-only file system
Dec 02 03:17:28.278 INFO [stderr] mklove/modules/configure.base: line 956: .c: Read-only file system
Dec 02 03:17:28.278 INFO [stderr] mklove/modules/configure.base: line 611: config.log: Read-only file system
Dec 02 03:17:28.278 INFO [stderr] mklove/modules/configure.base: line 611: config.log: Read-only file system
Dec 02 03:17:28.278 INFO [stderr] mklove/modules/configure.base: line 611: config.log: Read-only file system
Dec 02 03:17:28.278 INFO [stderr] mklove/modules/configure.base: line 611: config.log: Read-only file system
Dec 02 03:17:28.278 INFO [stderr] mklove/modules/configure.base: line 611: config.log: Read-only file system
Dec 02 03:17:28.278 INFO [stderr] mklove/modules/configure.base: line 611: config.log: Read-only file system
Dec 02 03:17:28.278 INFO [stderr] mktemp: failed to create file via template '_mkltmpXXXXXX': Read-only file system
Dec 02 03:17:28.278 INFO [stderr] mv: cannot stat '': No such file or directory
Dec 02 03:17:28.278 INFO [stderr] mklove/modules/configure.base: line 953: .c: Read-only file system
Dec 02 03:17:28.278 INFO [stderr] mklove/modules/configure.base: line 956: .c: Read-only file system
Dec 02 03:17:28.278 INFO [stderr] mklove/modules/configure.base: line 611: config.log: Read-only file system
Dec 02 03:17:28.278 INFO [stderr] mklove/modules/configure.base: line 611: config.log: Read-only file system
Dec 02 03:17:28.278 INFO [stderr] mklove/modules/configure.base: line 611: config.log: Read-only file system
Dec 02 03:17:28.278 INFO [stderr] mklove/modules/configure.base: line 611: config.log: Read-only file system
Dec 02 03:17:28.278 INFO [stderr] mklove/modules/configure.base: line 611: config.log: Read-only file system
Dec 02 03:17:28.278 INFO [stderr] mklove/modules/configure.base: line 611: config.log: Read-only file system
Dec 02 03:17:28.278 INFO [stderr] mktemp: failed to create file via template '_mkltmpXXXXXX': Read-only file system
Dec 02 03:17:28.278 INFO [stderr] mv: cannot stat '': No such file or directory
Dec 02 03:17:28.278 INFO [stderr] mklove/modules/configure.base: line 953: .c: Read-only file system
Dec 02 03:17:28.278 INFO [stderr] mklove/modules/configure.base: line 956: .c: Read-only file system
Dec 02 03:17:28.278 INFO [stderr] mklove/modules/configure.base: line 611: config.log: Read-only file system
Dec 02 03:17:28.278 INFO [stderr] mklove/modules/configure.base: line 611: config.log: Read-only file system
Dec 02 03:17:28.278 INFO [stderr] mklove/modules/configure.base: line 611: config.log: Read-only file system
Dec 02 03:17:28.278 INFO [stderr] mklove/modules/configure.base: line 611: config.log: Read-only file system
Dec 02 03:17:28.278 INFO [stderr] mklove/modules/configure.base: line 611: config.log: Read-only file system
Dec 02 03:17:28.278 INFO [stderr] mktemp: failed to create file via template '_mkltmpXXXXXX': Read-only file system
Dec 02 03:17:28.278 INFO [stderr] mv: cannot stat '': No such file or directory
Dec 02 03:17:28.278 INFO [stderr] mklove/modules/configure.base: line 953: .c: Read-only file system
Dec 02 03:17:28.278 INFO [stderr] mklove/modules/configure.base: line 956: .c: Read-only file system
Dec 02 03:17:28.278 INFO [stderr] mklove/modules/configure.base: line 611: config.log: Read-only file system
Dec 02 03:17:28.278 INFO [stderr] mklove/modules/configure.base: line 611: config.log: Read-only file system
Dec 02 03:17:28.278 INFO [stderr] mklove/modules/configure.base: line 611: config.log: Read-only file system
Dec 02 03:17:28.278 INFO [stderr] mktemp: failed to create file via template '_mkltmpXXXXXX': Read-only file system
Dec 02 03:17:28.278 INFO [stderr] mv: cannot stat '': No such file or directory
Dec 02 03:17:28.278 INFO [stderr] mklove/modules/configure.base: line 953: .c: Read-only file system
Dec 02 03:17:28.279 INFO [stderr] mklove/modules/configure.base: line 956: .c: Read-only file system
Dec 02 03:17:28.279 INFO [stderr] mklove/modules/configure.base: line 611: config.log: Read-only file system
Dec 02 03:17:28.279 INFO [stderr] mklove/modules/configure.base: line 611: config.log: Read-only file system
Dec 02 03:17:28.279 INFO [stderr] mklove/modules/configure.base: line 611: config.log: Read-only file system
Dec 02 03:17:28.279 INFO [stderr] mktemp: failed to create file via template '_mkltmpXXXXXX': Read-only file system
Dec 02 03:17:28.279 INFO [stderr] mv: cannot stat '': No such file or directory
Dec 02 03:17:28.279 INFO [stderr] mklove/modules/configure.base: line 953: .c: Read-only file system
Dec 02 03:17:28.279 INFO [stderr] mklove/modules/configure.base: line 956: .c: Read-only file system
Dec 02 03:17:28.279 INFO [stderr] mklove/modules/configure.base: line 611: config.log: Read-only file system
Dec 02 03:17:28.279 INFO [stderr] mklove/modules/configure.base: line 611: config.log: Read-only file system
Dec 02 03:17:28.279 INFO [stderr] mklove/modules/configure.base: line 611: config.log: Read-only file system
Dec 02 03:17:28.279 INFO [stderr] mktemp: failed to create file via template '_mkltmpXXXXXX': Read-only file system
Dec 02 03:17:28.279 INFO [stderr] mv: cannot stat '': No such file or directory
Dec 02 03:17:28.279 INFO [stderr] mklove/modules/configure.base: line 953: .c: Read-only file system
Dec 02 03:17:28.279 INFO [stderr] mklove/modules/configure.base: line 956: .c: Read-only file system
Dec 02 03:17:28.279 INFO [stderr] mklove/modules/configure.base: line 611: config.log: Read-only file system
Dec 02 03:17:28.279 INFO [stderr] mklove/modules/configure.base: line 611: config.log: Read-only file system
Dec 02 03:17:28.279 INFO [stderr] mklove/modules/configure.base: line 611: config.log: Read-only file system
Dec 02 03:17:28.279 INFO [stderr] mktemp: failed to create file via template '_mkltmpXXXXXX': Read-only file system
Dec 02 03:17:28.279 INFO [stderr] mv: cannot stat '': No such file or directory
Dec 02 03:17:28.279 INFO [stderr] mklove/modules/configure.base: line 953: .c: Read-only file system
Dec 02 03:17:28.279 INFO [stderr] mklove/modules/configure.base: line 956: .c: Read-only file system
Dec 02 03:17:28.279 INFO [stderr] mklove/modules/configure.base: line 611: config.log: Read-only file system
Dec 02 03:17:28.279 INFO [stderr] mklove/modules/configure.base: line 611: config.log: Read-only file system
Dec 02 03:17:28.279 INFO [stderr] mklove/modules/configure.base: line 611: config.log: Read-only file system
Dec 02 03:17:28.279 INFO [stderr] ###########################################################
Dec 02 03:17:28.279 INFO [stderr] mklove/modules/configure.base: line 620: config.log: Read-only file system
Dec 02 03:17:28.279 INFO [stderr] ###                  Configure failed                   ###
Dec 02 03:17:28.279 INFO [stderr] mklove/modules/configure.base: line 620: config.log: Read-only file system
Dec 02 03:17:28.279 INFO [stderr] ###########################################################
Dec 02 03:17:28.279 INFO [stderr] mklove/modules/configure.base: line 620: config.log: Read-only file system
Dec 02 03:17:28.279 INFO [stderr] ### Accumulated failures:                               ###
Dec 02 03:17:28.279 INFO [stderr] mklove/modules/configure.base: line 620: config.log: Read-only file system
Dec 02 03:17:28.279 INFO [stderr] ###########################################################
Dec 02 03:17:28.279 INFO [stderr] mklove/modules/configure.base: line 620: config.log: Read-only file system
Dec 02 03:17:28.279 INFO [stderr]  socket_nsl () 
Dec 02 03:17:28.279 INFO [stderr] mklove/modules/configure.base: line 620: config.log: Read-only file system
Dec 02 03:17:28.279 INFO [stderr]     module: socket
Dec 02 03:17:28.279 INFO [stderr] mklove/modules/configure.base: line 628: config.log: Read-only file system
Dec 02 03:17:28.279 INFO [stderr]     action: fail
Dec 02 03:17:28.279 INFO [stderr] mklove/modules/configure.base: line 628: config.log: Read-only file system
Dec 02 03:17:28.279 INFO [stderr]     reason:
Dec 02 03:17:28.279 INFO [stderr] compile check failed:
Dec 02 03:17:28.279 INFO [stderr] CC: CC
Dec 02 03:17:28.279 INFO [stderr] flags: 
Dec 02 03:17:28.279 INFO [stderr] gcc  -g -O2 -Wall -Wsign-compare -Wfloat-equal -Wpointer-arith -Wcast-align -Wall -Werror .c -o .c.o -lsocket -lnsl  :
Dec 02 03:17:28.279 INFO [stderr] gcc: error: .c: No such file or directory
Dec 02 03:17:28.279 INFO [stderr] source: 
Dec 02 03:17:28.279 INFO [stderr] #include <sys/types.h>
Dec 02 03:17:28.279 INFO [stderr] #include <sys/socket.h>
Dec 02 03:17:28.279 INFO [stderr] #include <unistd.h>
Dec 02 03:17:28.279 INFO [stderr] void foo (void) {
Dec 02 03:17:28.279 INFO [stderr]    int s = socket(0, 0, 0);
Dec 02 03:17:28.279 INFO [stderr]    close(s);
Dec 02 03:17:28.279 INFO [stderr] }
Dec 02 03:17:28.279 INFO [stderr] 
Dec 02 03:17:28.279 INFO [stderr] mklove/modules/configure.base: line 628: config.log: Read-only file system
Dec 02 03:17:28.279 INFO [stderr]  libpthread () 
Dec 02 03:17:28.279 INFO [stderr] mklove/modules/configure.base: line 620: config.log: Read-only file system
Dec 02 03:17:28.279 INFO [stderr]     module: librdkafka
Dec 02 03:17:28.279 INFO [stderr] mklove/modules/configure.base: line 628: config.log: Read-only file system
Dec 02 03:17:28.279 INFO [stderr]     action: fail
Dec 02 03:17:28.279 INFO [stderr] mklove/modules/configure.base: line 628: config.log: Read-only file system
Dec 02 03:17:28.279 INFO [stderr]     reason:
Dec 02 03:17:28.279 INFO [stderr] compile check failed:
Dec 02 03:17:28.279 INFO [stderr] CC: CC
Dec 02 03:17:28.279 INFO [stderr] flags: -lpthread
Dec 02 03:17:28.279 INFO [stderr] gcc  -g -O2 -Wall -Wsign-compare -Wfloat-equal -Wpointer-arith -Wcast-align -Wall -Werror .c -o .c.o   -lpthread:
Dec 02 03:17:28.279 INFO [stderr] gcc: error: .c: No such file or directory
Dec 02 03:17:28.279 INFO [stderr] source: #include <pthread.h>
Dec 02 03:17:28.279 INFO [stderr] 
Dec 02 03:17:28.279 INFO [stderr] mklove/modules/configure.base: line 628: config.log: Read-only file system
Dec 02 03:17:28.279 INFO [stderr] thread 'main' panicked at 'Command failed with error code 1', /cargo-home/registry/src/github.com-1ecc6299db9ec823/rdkafka-sys-0.11.4-0/build.rs:23:35
Dec 02 03:17:28.279 INFO [stderr] stack backtrace:
Dec 02 03:17:28.280 INFO [stderr]    0:     0x55e2bd7af93f - std::sys::unix::backtrace::tracing::imp::unwind_backtrace::h3a8b83e1922cbdde
Dec 02 03:17:28.280 INFO [stderr]                                at libstd/sys/unix/backtrace/tracing/gcc_s.rs:49
Dec 02 03:17:28.280 INFO [stderr]    1:     0x55e2bd7bba07 - std::sys_common::backtrace::print::h00d3155a29b4020f
Dec 02 03:17:28.280 INFO [stderr]                                at libstd/sys_common/backtrace.rs:71
Dec 02 03:17:28.280 INFO [stderr]                                at libstd/sys_common/backtrace.rs:59
Dec 02 03:17:28.280 INFO [stderr]    2:     0x55e2bd7b48bf - std::panicking::default_hook::{{closure}}::hd7465c742e79e1bb
Dec 02 03:17:28.280 INFO [stderr]                                at libstd/panicking.rs:211
Dec 02 03:17:28.280 INFO [stderr]    3:     0x55e2bd7b4624 - std::panicking::default_hook::h9e3966f2aa2a6e12
Dec 02 03:17:28.280 INFO [stderr]                                at libstd/panicking.rs:227
Dec 02 03:17:28.280 INFO [stderr]    4:     0x55e2bd7b4eee - std::panicking::rust_panic_with_hook::h587f091ae747d080
Dec 02 03:17:28.280 INFO [stderr]                                at libstd/panicking.rs:476
Dec 02 03:17:28.280 INFO [stderr]    5:     0x55e2bd7b4a91 - std::panicking::continue_panic_fmt::hb3a4fdede87f43a8
Dec 02 03:17:28.280 INFO [stderr]                                at libstd/panicking.rs:390
Dec 02 03:17:28.280 INFO [stderr]    6:     0x55e2bd7b49de - std::panicking::begin_panic_fmt::h387afc7da9a10555
Dec 02 03:17:28.280 INFO [stderr]                                at libstd/panicking.rs:345
Dec 02 03:17:28.280 INFO [stderr]    7:     0x55e2bd75f5d8 - build_script_build::run_command_or_fail::hbba8390141c0a311
Dec 02 03:17:28.280 INFO [stderr]                                at /cargo-home/registry/src/github.com-1ecc6299db9ec823/rdkafka-sys-0.11.4-0/build.rs:23
Dec 02 03:17:28.280 INFO [stderr]    8:     0x55e2bd760af7 - build_script_build::build_librdkafka::ha09088f9291fc6fb
Dec 02 03:17:28.280 INFO [stderr]                                at /cargo-home/registry/src/github.com-1ecc6299db9ec823/rdkafka-sys-0.11.4-0/build.rs:91
Dec 02 03:17:28.280 INFO [stderr]    9:     0x55e2bd760459 - build_script_build::main::h2e01d2411e3976a9
Dec 02 03:17:28.280 INFO [stderr]                                at /cargo-home/registry/src/github.com-1ecc6299db9ec823/rdkafka-sys-0.11.4-0/build.rs:61
Dec 02 03:17:28.280 INFO [stderr]   10:     0x55e2bd7630df - std::rt::lang_start::{{closure}}::h0d4ca4279d6f5ae7
Dec 02 03:17:28.280 INFO [stderr]                                at libstd/rt.rs:74
Dec 02 03:17:28.280 INFO [stderr]   11:     0x55e2bd7b4962 - std::panicking::try::do_call::h52e7f80ff0fdcc45
Dec 02 03:17:28.280 INFO [stderr]                                at libstd/rt.rs:59
Dec 02 03:17:28.280 INFO [stderr]                                at libstd/panicking.rs:310
Dec 02 03:17:28.280 INFO [stderr]   12:     0x55e2bd7c69b9 - __rust_maybe_catch_panic
Dec 02 03:17:28.280 INFO [stderr]                                at libpanic_unwind/lib.rs:102
Dec 02 03:17:28.280 INFO [stderr]   13:     0x55e2bd7a386a - std::rt::lang_start_internal::h38cae898de7f805c
Dec 02 03:17:28.280 INFO [stderr]                                at libstd/panicking.rs:289
Dec 02 03:17:28.280 INFO [stderr]                                at libstd/panic.rs:392
Dec 02 03:17:28.280 INFO [stderr]                                at libstd/rt.rs:58
Dec 02 03:17:28.280 INFO [stderr]   14:     0x55e2bd7630b8 - std::rt::lang_start::h0d4c3dc21e18ffa5
Dec 02 03:17:28.280 INFO [stderr]                                at libstd/rt.rs:74
Dec 02 03:17:28.280 INFO [stderr]   15:     0x55e2bd760e69 - main
Dec 02 03:17:28.280 INFO [stderr]   16:     0x7f7cfbcd582f - __libc_start_main
Dec 02 03:17:28.280 INFO [stderr]   17:     0x55e2bd75eec8 - _start
Dec 02 03:17:28.280 INFO [stderr]   18:                0x0 - <unknown>
Dec 02 03:17:28.280 INFO [stderr] 
Dec 02 03:17:28.280 INFO [stderr] warning: build failed, waiting for other jobs to finish...
Dec 02 03:17:29.735 INFO [stderr] error: build failed
Dec 02 03:17:29.736 INFO [stderr] su: No module specific data is present
Dec 02 03:17:30.113 INFO running `"docker" "inspect" "6efddc7989840aa0a8217586331bb3c4df971518c6ae0487abaadd351be413d5"`
Dec 02 03:17:30.199 INFO running `"docker" "rm" "-f" "6efddc7989840aa0a8217586331bb3c4df971518c6ae0487abaadd351be413d5"`
Dec 02 03:17:30.376 INFO [stdout] 6efddc7989840aa0a8217586331bb3c4df971518c6ae0487abaadd351be413d5
